{"version":"1.0","provider_name":"Espace Nadeshiko","provider_url":"https:\/\/espace-nadeshiko.fr\/fr","author_name":"webmaster","author_url":"https:\/\/espace-nadeshiko.fr\/fr\/author\/webmaster\/","title":"Formation Certifiante | Espace Nadeshiko","type":"rich","width":600,"height":338,"html":"<blockquote class=\"wp-embedded-content\" data-secret=\"17vO4WCLzp\"><a href=\"https:\/\/espace-nadeshiko.fr\/fr\/formation-professionnelle-de-japonais-cpf\/\">Formation Certifiante<\/a><\/blockquote><iframe sandbox=\"allow-scripts\" security=\"restricted\" src=\"https:\/\/espace-nadeshiko.fr\/fr\/formation-professionnelle-de-japonais-cpf\/embed\/#?secret=17vO4WCLzp\" width=\"600\" height=\"338\" title=\"&#8220;Formation Certifiante&#8221; &#8212; Espace Nadeshiko\" data-secret=\"17vO4WCLzp\" frameborder=\"0\" marginwidth=\"0\" marginheight=\"0\" scrolling=\"no\" class=\"wp-embedded-content\"><\/iframe><script>\n\/*! This file is auto-generated *\/\n!function(d,l){\"use strict\";l.querySelector&&d.addEventListener&&\"undefined\"!=typeof URL&&(d.wp=d.wp||{},d.wp.receiveEmbedMessage||(d.wp.receiveEmbedMessage=function(e){var t=e.data;if((t||t.secret||t.message||t.value)&&!\/[^a-zA-Z0-9]\/.test(t.secret)){for(var s,r,n,a=l.querySelectorAll('iframe[data-secret=\"'+t.secret+'\"]'),o=l.querySelectorAll('blockquote[data-secret=\"'+t.secret+'\"]'),c=new RegExp(\"^https?:$\",\"i\"),i=0;i<o.length;i++)o[i].style.display=\"none\";for(i=0;i<a.length;i++)s=a[i],e.source===s.contentWindow&&(s.removeAttribute(\"style\"),\"height\"===t.message?(1e3<(r=parseInt(t.value,10))?r=1e3:~~r<200&&(r=200),s.height=r):\"link\"===t.message&&(r=new URL(s.getAttribute(\"src\")),n=new URL(t.value),c.test(n.protocol))&&n.host===r.host&&l.activeElement===s&&(d.top.location.href=t.value))}},d.addEventListener(\"message\",d.wp.receiveEmbedMessage,!1),l.addEventListener(\"DOMContentLoaded\",function(){for(var e,t,s=l.querySelectorAll(\"iframe.wp-embedded-content\"),r=0;r<s.length;r++)(t=(e=s[r]).getAttribute(\"data-secret\"))||(t=Math.random().toString(36).substring(2,12),e.src+=\"#?secret=\"+t,e.setAttribute(\"data-secret\",t)),e.contentWindow.postMessage({message:\"ready\",secret:t},\"*\")},!1)))}(window,document);\n<\/script>\n","description":"Nous adaptons \u00e0 chaque \u00e9l\u00e8ve (pour les cours individuels) le programme de formation en fonction de ses objectifs personnels (ma\u00eetrise de l\u2019oral avec la famille, de l\u2019\u00e9crit, du Japonais professionnel, \u2026). Pour les cours collectifs, le programme est d\u00e9fini \u00e0 l\u2019avance par groupe de niveaux.","thumbnail_url":"https:\/\/espace-nadeshiko.fr\/fr\/wp-content\/uploads\/2025\/03\/ff586278-4dba-48dd-94cf-bef2ac_1gvgd86-1.png","thumbnail_width":1279,"thumbnail_height":669}

Nous adaptons à chaque élève (pour les cours individuels) le programme de formation en fonction de ses objectifs personnels (maîtrise de l’oral avec la famille, de l’écrit, du Japonais professionnel, …). Pour les cours collectifs, le programme est défini à l’avance par groupe de niveaux.
